 4*q - s. What is the units digit of q?
9
Suppose 34 + 1406 = -6*m. Let r = 17 - m. What is the units digit of r?
7
Let s(g) = -8*g + 2*g - 4 + g**2 + 13*g. Let c be s(-8). Suppose -338 = -c*u - 2*j, -3*u + 227 = -3*j - 31. What is the units digit of u?
5
Let d(k) be the third derivative of -3*k**4/4 - 86*k**3/3 - 239*k**2. What is the hundreds digit of d(-17)?
1
Let v(m) = m**3 - 6*m**2 + 3*m + 6. Let d be 1/2 + (-225)/(-50). Let u be v(d). Let q(w) = -2*w**2 - 7*w + 5. What is the units digit of q(u)?
1
Suppose -27*f + 492 = -23*f. Suppose -3*o + 456 = f. What is the tens digit of o?
1
Suppose 0 = 10*x - 4 - 16. Suppose -4 = 5*t + s + 1, t + x*s + 10 = 0. Suppose l = -t*l + 33. What is the tens digit of l?
3
What is the hundreds digit of ((-35428)/102 - (-3)/9)*-17?
8
Suppose 513 = t - 4*p, -2*t + 1295 = -5*p + 269. Let v = t - 370. What is the hundreds digit of v?
1
Let c = 31086 + -20448. What is the units digit of c?
8
Suppose 5047 = 5*a - 5*q - 383, 5*a = -3*q + 5374. What is the tens digit of a?
7
Suppose -320*n = -321*n + 5000. What is the thousands digit of n?
5
Suppose 10*d = 14*d - 19*d + 516495. What is the ten thousands digit of d?
3
Suppose -7 = -4*m - 3, y = 4*m - 186. Let n = 455 + y. What is the hundreds digit of n?
2
Let i(y) = 345*y + 595. What is the thousands digit of i(22)?
8
Let l(j) = -31*j**3 - 2*j**2 - 15. What is the hundreds digit of l(-3)?
8
Suppose -614*g + 654*g = 2060280. What is the units digit of g?
7
Suppose -f - 5*f = -f. Suppose 0 = 5*y + i + 64, 2*y + 0*y - 5*i + 4 = f. What is the hundreds digit of (-3)/(y/(-8)*(-4)/422)?
2
Let o be -183*(-2 + -4*(-2)/3). Let t = o - -122. Suppose u - 196 = -3*r - r, t = 4*u - r - 767. What is the hundreds digit of u?
1
Let u = -67875 + 135934. What is the thousands digit of u?
8
Let c = 212 - 194. Suppose 9*v = -c*v + 8721. What is the hundreds digit of v?
3
Let x = 2336 + -139. Suppose -y + x = 2*v, -15*y - 2191 = -2*v - 18*y. What is the tens digit of v?
0
Suppose -183647 = -21*z + 579787. What is the units digit of z?
4
Let f(i) = 5*i - 145. Let h be f(30). Suppose -5*n + 2500 = 2*s, 3*s - 955 = -h*n + 1545. What is the tens digit of n?
0
Let j = 5 - 5. Let m(l) = 3*l + 382. What is the tens digit of m(j)?
8
Suppose 14*j + 6 = 16*j. Let x(h) = 15*h + 29. What is the units digit of x(j)?
4
Let z(m) = 22*m + 100. Let b be z(30). Suppose 822 = 7*y - b. Suppose 2*c - 244 = -4*r + y, c - 239 = 2*r. What is the tens digit of c?
3
Let y(c) = 4*c - 48. Suppose -2*a + 10 = -0*a, 5*g - 2*a = -30. Let n be g + 1 + -8 + 9 + 23. What is the tens digit of y(n)?
3
Let b be (-7)/35 + (-7426)/(-5). Suppose 8*g - 3*g - b = 0. What is the hundreds digit of g?
2
Suppose 0 = 45*a - 39*a - 696. Suppose 2*n - a - 1088 = 0. What is the units digit of n?
2
Suppose 0 = -306*v + 322*v - 82800. What is the hundreds digit of v?
1
Suppose 73 = 3*h + 2*u - 9, h - 29 = u. Suppose -8 + 1 = -i + 3*a, 0 = -i - 4*a + h. What is the units digit of (-9*(-4)/i)/((-3)/(-8))?
6
Suppose -125 = -2*v - 129. What is the tens digit of 1*((-1)/v - 3861/(-22))?
7
Let w = 163617 + -89166. What is the hundreds digit of ((-9)/(-2))/3 + w/166?
4
Suppose 343 = u + 5*v, 2*u - u = -v + 347. Suppose -4*n = -0*n + 4*r - u, 0 = r + 5. What is the tens digit of n?
9
Let b = 171 - 640. Let t = 347 - b. What is the hundreds digit of t?
8
Suppose -4*n - 3*h + 1310 = 0, -4*h = 5*n - 2*h - 1641. Suppose 262 = -3*m - n. Let l = 85 - m. What is the tens digit of l?
8
Suppose 27*a - 29*a = -2*z - 8452, -3*a - z + 12686 = 0. What is the hundreds digit of a?
2
Suppose -8*x - 45 = -17*x. Let a(o) = 8*o**2 - 3*o + 13. Let l(z) = -23*z**2 + 9*z - 38. Let m(s) = -17*a(s) - 6*l(s). What is the units digit of m(x)?
2
What is the hundreds digit of (-2 + 1)*5*(-7788)/55?
7
Suppose 10 - 4 = 3*y. Suppose -y*j + 4 = -628. What is the units digit of j?
6
Suppose 3*c - 20 = 4*l + 5*c, -4*c + 8 = 0. Suppose -u + 3*u = -2. What is the units digit of -2*177/l - (u - 1)?
1
Let g = -153 - -27. Let z = 317 + g. What is the units digit of z?
1
Let u = 90 - 78. Suppose -u*h + 6425 - 353 = 0. What is the tens digit of h?
0
Let l = -1114 - -1126. What is the tens digit of l?
1
Let i(x) = -2*x - 12. Let z be i(-8). Let p = 1673 + -1404. Suppose g = z - 3, -4*l = -3*g - p. What is the tens digit of l?
6
Let g = -1057 - -746. Let x = g - -966. What is the tens digit of x?
5
Suppose 27 = -l + 17. Let h = 41 + l. Suppose -4*q + 5*b + 145 = h, 4*b - 70 = -3*q. What is the units digit of q?
6
Let m(o) = 21*o**2 + 262*o - 20. What is the hundreds digit of m(17)?
5
Let m(x) be the first derivative of -x**4/4 + 13*x**3/3 - 9*x**2/2 + 17*x + 24. What is the units digit of m(12)?
3
Let q(g) be the third derivative of -g**6/120 - 23*g**5/30 - 5*g**4/2 + 35*g**3/6 + 122*g**2. What is the units digit of q(-45)?
0
Let b(p) = 6922*p**2 - 76*p. What is the ten thousands digit of b(-2)?
2
Let n be -3 + 7/((-14)/758). Let s = 489 + n. What is the units digit of s?
7
Let z(j) = 11*j + 64. Let o be z(-5). What is the units digit of o/((-27)/(-686)) + 7/21?
9
Let p(s) = 5*s**3 - 13*s**2 + 12*s + 4. Let v be p(6). Let o = v - 200. What is the tens digit of o?
8
Let x(u) = -687*u - 385. What is the units digit of x(-7)?
4
Let u = 540 - 203. Suppose u = 4*j + 2*w - 3715, -5058 = -5*j + w. What is the units digit of j?
2
Let j be (-36)/(-162) - (2 + 731/9). Suppose -2*p + 4*x = -303 + 27, -4*x + 634 = 5*p. Let d = j + p. What is the units digit of d?
7
Let w = 40 - 125. Let u be (-6)/(-4)*(45 + -47). What is the tens digit of u*(-2)/3 - w/5?
1
Suppose -l + 5 = 4*x - 9*x, 4*x = 5*l - 4. Suppose s = l, -o + 4*s + 25 = -63. What is the tens digit of o?
8
Let f(l) be the first derivative of -97*l**2/2 - 97*l + 141. What is the units digit of f(-6)?
5
Suppose -57*j + 1148783 = -1607268 + 531911. What is the ten thousands digit of j?
3
Suppose -4*f + 19580 = -8008. What is the hundreds digit of f?
8
Suppose -h - 112 = -703. Suppose -h*p = -597*p + 6468. What is the thousands digit of p?
1
Let f(z) = -z**3 - 2*z - 5. Let g be f(0). Let k be (-17)/g - (-6)/(-15). Suppose -5*q = k*o - 163, -5*o + q + 69 = -184. What is the units digit of o?
1
Suppose 47*a - 2058540 = -113*a - 5*a. What is the ten thousands digit of a?
1
Suppose 0 = 2*s + a + 7, -s = 6*a - a + 17. Let m be s/(-3 + 2) + -6. What is the tens digit of m - ((-60)/50)/(3/280)?
0
Let o(b) = -6*b - 20. Let x be -8 - ((-1)/4 - 15/4). Let p be o(x). Suppose 5*i - 14 = -2*s + 783, -5*i = p*s - 789. What is the units digit of i?
1
Suppose -2*b + 18 = -3*h - 52, 0 = 2*b + 5*h - 54. Suppose b*g + 362 - 1482 = 0. What is the tens digit of g?
3
Let y(m) be the second derivative of 14*m**3/3 - 51*m**2/2 - 137*m. What is the units digit of y(10)?
9
Suppose a + 20 = 2*c + 5*a, -c + 4*a = 14. Let p(k) = 3*k + 13*k**c + 0*k**3 + k**3 + 4*k - 4. What is the tens digit of p(-12)?
5
Suppose 107*l = 123*l - 80464. What is the units digit of l?
9
Suppose 0 = 5*x + 18 - 28. Suppose 11*v = x*v + 909. What is the tens digit of v?
0
What is the thousands digit of 72083/(-5)*-5 + (-77)/(-11)?
2
Suppose 2*p = -5*c + 7536, -3*p - 26*c + 11254 = -31*c. Suppose 712 = 10*g - p. What is the tens digit of g?
4
Let r = 27 - -73. Let w = -192 - -199. Let z = r - w. What is the units digit of z?
3
Let b(t) be the third derivative of -t**5/30 - 2*t**4/3 + 3*t**3 + 16*t**2. Let s be b(-9). What is the units digit of -2 + -7 + 8 + s + 35?
4
Let p be 8 + (8/(-10))/(2/10). Suppose 2*j = 3*i + 337, -9*j + p*j - 4*i + 854 = 0. What is the units digit of j?
0
Let o be 5 + -8 - (-3 + -2). Suppose 6*d = a + d - 11, 0 = -5*a - o*d + 1. What is the units digit of (-6 + a)/(1*1/(-13))?
5
Let h = -5151 + 18996. What is the ten thousands digit of h?
1
Let w = 23394 - -10005. What is the ten thousands digit of w?
3
Suppose -4*o - 4 = -5*d, -2 = 4*d - 5*o + 2. Suppose 18*s - 2 = 17*s. Suppose s*g - 216 = -3*y, -y + g = d*y - 373. What is the tens digit of y?
7
Suppose g - 2 = 4*v, 5*v + 0*v + g - 2 = 0. Let x be (v + 1)/(-2 - (-10186)/5094). What is the tens digit of 3/(-2) + x/(-18)?
4
Suppose 9*o = 5*o + 20. Suppose -628 = -3*a - o*y - 72, 3*a - 3*y = 540. What is the hundreds digit of a?
1
Suppose 2*b - 8 = 0, -4*x - 15*b + 12 = -14*b. Suppose 2*c = -x*o + 410, -4*o + 0*o - 2